035436
Convert 100011010022 (base 3) to base 6.
3510012
Convert 120332331311 (base 4) to base 14.
c26b1b
51321 (base 6) to base 5
204232
What is 3404501 (base 6) in base 7?
1314541
2310313011 (base 5) to base 7
61626031
Convert 331334 (base 11) to base 10.
528807
-1000001101110010 (base 2) to base 4
-20031302
Convert 25b4a (base 12) to base 15.
10504
156134 (base 11) to base 12
b8340
What is -71d56 (base 15) in base 14?
-95684
-35342256 (base 7) to base 3
-12212111110100
a1159 (base 12) to base 10
209301
What is b4d60 (base 14) in base 8?
1523730
Convert -230404 (base 7) to base 10.
-41017
Convert 61052 (base 11) to base 5.
10323414
What is -55201145 (base 7) in base 2?
-10010000101001110011111
Convert -45b98 (base 13) to base 10.
-127213
Convert -111330120 (base 4) to base 12.
-44020
What is -1224320 (base 6) in base 9?
-110213
What is -1244133 (base 6) in base 13?
-2512b
-224240212 (base 5) to base 15
-14dd8c
Convert 21513550 (base 7) to base 14.
363160
Convert 41c25 (base 13) to base 5.
12243000
Convert -7133a5 (base 11) to base 14.
-21bb49
Convert 1112442 (base 6) to base 16.
dc0a
-145fb (base 16) to base 5
-10132301
-1330303213 (base 5) to base 6
-200114023
-51a998 (base 13) to base 14
-3797d8
What is 12300554 (base 8) in base 7?
32056226
Convert -201 (base 4) to base 11.
-30
What is -30444004 (base 7) in base 2?
-1001101110010001100101
What is 10010001011100010101 (base 2) in base 6?
20434005
What is -21111115 (base 6) in base 5?
-124201423
-5bb67a (base 12) to base 10
-1492222
Convert 220323004 (base 5) to base 16.
e7918
Convert -4540590 (base 11) to base 3.
-112221221101212
What is -10220200100111 (base 3) in base 11?
-11a0894
Convert 16051514 (base 7) to base 6.
53015025
What is -249083 (base 10) in base 2?
-111100110011111011
Convert 320420041 (base 5) to base 11.
837206
-4696b (base 12) to base 6
-2010215
Convert -37a657 (base 16) to base 3.
-20212021211102
Convert 1207db (base 14) to base 10.
616221
What is 34dce4 (base 15) in base 16?
2690b6
What is -684132 (base 11) in base 14?
-204b98
What is -15297a (base 13) in base 11?
-325851
Convert 3d9301 (base 15) to base 5.
1224423201
What is -c4b6 (base 14) in base 11?
-234a3
Convert 250712 (base 9) to base 12.
737b5
What is 100012231221 (base 4) in base 15?
585d86
What is -b0a43a (base 14) in base 4?
-112223100110
Convert 1b3119 (base 13) to base 15.
da19b
111121000 (base 3) to base 9
14530
1111010110111100001110 (base 2) to base 11
22aa985
100011111111110111100100 (base 2) to base 14
1379020
1011000100010101110 (base 2) to base 16
588ae
What is 9e32b (base 15) in base 2?
1111010111100100111
Convert 242473 (base 15) to base 11.
a81036
What is -111452 (base 6) in base 5?
-300324
What is 100110011010000101100 (base 2) in base 4?
10303100230
What is -3592827 (base 11) in base 3?
-102202210202020
-1646573 (base 8) to base 4
-1310311323
What is 11404241 (base 6) in base 10?
358657
What is 311311302 (base 4) in base 10?
220530
What is 1101517 (base 9) in base 2?
10010000011100011000
-aa82 (base 13) to base 16
-5cd6
665078 (base 9) to base 8
1410100
11021020222 (base 3) to base 2
10100100000110111
Convert 431479 (base 16) to base 15.
5bc86d
-135552544 (base 6) to base 10
-2798704
120010221030 (base 4) to base 14
ba3a44
What is -211221111110000 (base 3) in base 10?
-12193578
Convert 104b7ac (base 14) to base 6.
433205100
What is -1527014 (base 8) in base 12?
-191410
Convert 3145243 (base 13) to base 6.
1253003314
-1231120300 (base 4) to base 9
-752541
What is -33552153 (base 9) in base 2?
-111110000100110111100011
What is 80b61 (base 13) in base 3?
102201002022
Convert 232683 (base 16) to base 8.
10623203
What is -46643 (base 7) in base 16?
-2ed3
Convert -267736 (base 9) to base 2.
-100111110101011111
-31205611 (base 7) to base 2
-1010000000100110100101
8c404 (base 13) to base 16
3e62c
What is 211102002022 (base 3) in base 6?
13242055
What is -323758 (base 10) in base 16?
-4f0ae
What is -85014 (base 13) in base 10?
-239490
Convert -101031 (base 6) to base 14.
-2cc3
Convert -101000001111010010000001 (base 2) to base 10.
-10548353
What is -1031443 (base 5) in base 2?
-100010101010100
What is -101100011100100100 (base 2) in base 9?
-306650
106313106 (base 7) to base 5
3132241401
What is 255887 (base 13) in base 16?
db32f
What is -2775227 (base 9) in base 8?
-5644340
-2222111120111 (base 3) to base 14
-2d3651
Convert -21313300011 (base 4) to base 16.
-277c05
200210101111 (base 3) to base 6
11532234
Convert -42315132 (base 6) to base 5.
-304120231
What is -11110011110001011110 (base 2) in base 5?
-223422434
What is -173a790 (base 14) in base 8?
-53504632
-50401023 (base 6) to base 5
-331243030
What is -25a145 (base 14) in base 5?
-312423200
Convert -1180394 (base 10) to base 13.
-324377
-1021213430 (base 5) to base 15
-2c1c2a
Convert 23033115 (base 6) to base 15.
ddab8
What is -1454514 (base 6) in base 16?
-14d2e
What is -224030 (base 5) in base 6?
-101035
What is -521134 (base 7) in base 4?
-111302212
Convert -107a82 (base 11) to base 8.
-517224
What is -c37980 (base 13) in base 5?
-2131330303
-637100 (base 10) to base 3
-1012100221022
What is 11055722 (base 8) in base 3?
11111001120221
What is 3692a3 (base 15) in base 14?
4c02c5
101512 (base 7) to base 5
1024104
What is -80d980 (base 14) in base 16?
-4239ac
339737 (base 10) to base 14
8bb4d
80eb5 (base 16) to base 11
330809
Convert 203322012 (base 4) to base 8.
437206
What is 988498 (base 12) in base 15?
32c012
-2c63a (base 13) to base 10
-84549
Convert 34210411 (base 5) to base 11.
198323
2555110 (base 6) to base 2
100010001000010010
Convert -ab7065 (base 13) to base 2.
-1111011010111101000011
2519a (base 11) to base 9
54545
2192c (base 14) to base 12
3b118
2bb5a (base 14) to base 16
1aac4
267b (base 12) to base 2
1000100111111
What is -14132341 (base 7) in base 11?
-820aa1
What is 223100213 (base 5) in base 3?
1212011200020
1490c (base 16) to base 6
1445552
551200 (base 8) to base 3
100101201101
-220121003 (base 4) to base 3
-22101221112
1369c0 (base 13) to base 2
1110011001100011011
24b8801 (base 13) to base 16
af0c12
What is 119465 (base 14) in base 13?
180c00
What is 22303121 (base 4) in base 7?
243002
What is 222a34a (base 12) in base 5?
3132410444
-23034 (base 10) to base 3
-1011121010
Convert -372c6f (base 16) to base 10.
-3615855
Convert -2a123 (base 11) to base 4.
-22123302
101200220101 (base 3) to base 14
56a78
256203 (base 8) to base 14
2472b
What is 6a78a (base 11) in base 10?
102101
What is 13102223032 (base 4) in base 15?
27b587
Convert f22e (base 16) to base 6.
1155010
-117497 (base 15) to base 14
-17a271
What is 17b41 (base 15) in base 2?
10010101111110010
Convert 1c2b (base 14) to base 15.
17c5
Convert 21112021111 (base 3) to base 8.
441335
What is -3729a78 (base 11) in base 14?
-c0b296
Convert 22120122110222 (base 3) to base 16.
45929c
Convert 10101001110001111010 (base 2) to base 12.
296536
-11010342 (base 6) to base 12
-1399b2
What is -10010111110010001 (base 2) in base 9?
-127537
What is -640fb (base 16) in base 8?
-1440373
What is 140433052 (base 6) in base 15?
3b0022
db36 (base 15) to base 9
70576
What is -193085 (base 12) in base 4?
-1223212211
What is -416704 (base 8) in base 14?
-38788
-256637 (base 9) to base 5
-14441142
2211111022022 (base 3) to base 7
15540350
76041 (base 9) to base 16
c4a2
-5313114 (base 7) to base 14
-12a044
What is 44077 (base 13) in base 16?
1e0fa
What is -35452342 (base 7) in base 14?
-5b9d22
What is -223223000 (base 4) in base 16?
-2bac0
-3203012213 (base 4) to base 7
-10622666
What is -387522 (base 9) in base 4?
-321122123
-1100100010100011010100 (base 2) to base 16
-3228d4
2057622 (base 11) to base 15
4b9749
What is -4124336 (base 7) in base 10?
-493751
What is 90e27 (base 15) in base 8?
1600074
What is 13103320 (base 4) in base 5?
1424234
What is -6824a9 (base 12) in base 15?
-22cb46
Convert -d862a (base 14) to base 9.
-875747
Convert -11321351 (base 8) to base 15.
-33ac5c
11011011110010111100 (base 2) to base 9
1621855
-10011101111001110 (base 2) to base 8
-235716
What is -69434 (base 12) in base 9?
-233754
Convert -21012020020 (base 3) to base 9.
-235206
-262370 (base 12) to base 16
-98d84
Convert -110102222211020 (base 3) to base 13.
-14a723c
Convert 11314575 (base 9) to base 10.
550